17, 379
What are the prime factors of 55018?
2, 27509
What are the prime factors of 267?
3, 89
List the prime factors of 14766.
2, 3, 23, 107
What are the prime factors of 2983?
19, 157
List the prime factors of 23034.
2, 3, 11, 349
List the prime factors of 741.
3, 13, 19
What are the prime factors of 10111?
10111
What are the prime factors of 3144?
2, 3, 131
What are the prime factors of 38389?
13, 2953
What are the prime factors of 24210?
2, 3, 5, 269
List the prime factors of 62404.
2, 15601
What are the prime factors of 129742?
2, 64871
List the prime factors of 4786.
2, 2393
What are the prime factors of 555?
3, 5, 37
List the prime factors of 1639.
11, 149
What are the prime factors of 4894?
2, 2447
List the prime factors of 1535.
5, 307
What are the prime factors of 14449?
14449
List the prime factors of 10120.
2, 5, 11, 23
List the prime factors of 323.
17, 19
List the prime factors of 1799.
7, 257
What are the prime factors of 554?
2, 277
List the prime factors of 1292.
2, 17, 19
List the prime factors of 181804.
2, 7, 43, 151
What are the prime factors of 12994?
2, 73, 89
What are the prime factors of 93120?
2, 3, 5, 97
What are the prime factors of 1685?
5, 337
List the prime factors of 769.
769
What are the prime factors of 1918?
2, 7, 137
What are the prime factors of 10273?
10273
List the prime factors of 26401.
17, 1553
What are the prime factors of 1132?
2, 283
What are the prime factors of 13031?
83, 157
List the prime factors of 1144.
2, 11, 13
List the prime factors of 9260.
2, 5, 463
What are the prime factors of 2404?
2, 601
What are the prime factors of 3070?
2, 5, 307
What are the prime factors of 1171?
1171
What are the prime factors of 72921?
3, 109, 223
List the prime factors of 6086.
2, 17, 179
List the prime factors of 1315.
5, 263
List the prime factors of 17829.
3, 7, 283
List the prime factors of 10761.
3, 17, 211
What are the prime factors of 27051?
3, 71, 127
List the prime factors of 878.
2, 439
List the prime factors of 6071.
13, 467
List the prime factors of 84127.
84127
List the prime factors of 4310.
2, 5, 431
List the prime factors of 12600.
2, 3, 5, 7
What are the prime factors of 905?
5, 181
List the prime factors of 876.
2, 3, 73
What are the prime factors of 10802?
2, 11, 491
What are the prime factors of 24342?
2, 3, 4057
What are the prime factors of 5466?
2, 3, 911
List the prime factors of 17503.
23, 761
What are the prime factors of 47763?
3, 29, 61
What are the prime factors of 3044?
2, 761
What are the prime factors of 738?
2, 3, 41
What are the prime factors of 32874?
2, 3, 5479
What are the prime factors of 946?
2, 11, 43
List the prime factors of 6095.
5, 23, 53
What are the prime factors of 24622?
2, 13, 947
List the prime factors of 1901.
1901
List the prime factors of 737.
11, 67
List the prime factors of 95071.
95071
What are the prime factors of 3652?
2, 11, 83
What are the prime factors of 113?
113
List the prime factors of 4373.
4373
What are the prime factors of 8547?
3, 7, 11, 37
List the prime factors of 11276.
2, 2819
List the prime factors of 1399.
1399
What are the prime factors of 2947?
7, 421
List the prime factors of 998.
2, 499
List the prime factors of 112518.
2, 3, 7, 19, 47
What are the prime factors of 1346?
2, 673
List the prime factors of 36935.
5, 83, 89
What are the prime factors of 1656?
2, 3, 23
List the prime factors of 9620.
2, 5, 13, 37
List the prime factors of 40234.
2, 20117
List the prime factors of 5946.
2, 3, 991
List the prime factors of 3167.
3167
List the prime factors of 240.
2, 3, 5
What are the prime factors of 2964?
2, 3, 13, 19
List the prime factors of 215.
5, 43
What are the prime factors of 20212?
2, 31, 163
List the prime factors of 811.
811
List the prime factors of 5978.
2, 7, 61
List the prime factors of 12648.
2, 3, 17, 31
What are the prime factors of 1020?
2, 3, 5, 17
What are the prime factors of 1308?
2, 3, 109
List the prime factors of 16634.
2, 8317
List the prime factors of 4862.
2, 11, 13, 17
List the prime factors of 14912.
2, 233
What are the prime factors of 1016?
2, 127
What are the prime factors of 3953?
59, 67
List the prime factors of 316.
2, 79
What are the prime factors of 43661?
43661
What are the prime factors of 18487?
7, 19, 139
List the prime factors of 4945.
5, 23, 43
List the prime factors of 25935.
3, 5, 7, 13, 19
What are the prime factors of 136039?
29, 4691
List the prime factors of 5660.
2, 5, 283
List the prime factors of 222.
2, 3, 37
What are the prime factors of 515?
5, 103
What are the prime factors of 13983?
3, 59, 79
What are the prime factors of 46060?
2, 5, 7, 47
What are the prime factors of 7045?
5, 1409
List the prime factors of 2056.
2, 257
List the prime factors of 3110.
2, 5, 311
What are the prime factors of 6787?
11, 617
What are the prime factors of 148?
2, 37
What are the prime factors of 1090?
2, 5, 109
List the prime factors of 3397.
43, 79
List the prime factors of 20868.
2, 3, 37, 47
What are the prime factors of 14341?
14341
List the prime factors of 4599.
3, 7, 73
List the prime factors of 141926.
2, 29, 2447
What are the prime factors of 9600?
2, 3, 5
What are the prime factors of 1296?
2, 3
List the prime factors of 1693.
1693
List the prime factors of 386.
2, 193
List the prime factors of 15622.
2, 73, 107
List the prime factors of 2207.
2207
List the prime factors of 3739.
3739
List the prime factors of 2079.
3, 7, 11
What are the prime factors of 447?
3, 149
What are the prime factors of 9171?
3, 1019
What are the prime factors of 26071?
29, 31
List the prime factors of 1368.
2, 3, 19
List the prime factors of 4357.
4357
What are the prime factors of 3752?
2, 7, 67
List the prime factors of 498.
2, 3, 83
What are the prime factors of 7327?
17, 431
What are the prime factors of 929?
929
What are the prime factors of 5011?
5011
List the prime factors of 9299.
17, 547
What are the prime factors of 608?
2, 19
List the prime factors of 43622.
2, 17, 1283
What are the prime factors of 4553?
29, 157
List the prime factors of 901.
17, 53
List the prime factors of 372.
2, 3, 31
List the prime factors of 563.
563
List the prime factors of 2151.
3, 239
What are the prime factors of 10910?
2, 5, 1091
What are the prime factors of 1301?
1301
What are the prime factors of 81777?
3, 27259
List the prime factors of 47735.
5, 9547
What are the prime factors of 1232?
2, 7, 11
What are the prime factors of 2252?
2, 563
List the prime factors of 1409.
1409
List the prime factors of 575.
5, 23
What are the prime factors of 60658?
2, 13, 2333
List the prime factors of 1894.
2, 947
List the prime factors of 24849.
3, 11, 251
What are the prime factors of 1184?
2, 37
What are the prime factors of 1771?
7, 11, 23
List the prime factors of 46500.
2, 3, 5, 31
List the prime factors of 2282.
2, 7, 163
List the prime factors of 7877.
7877
What are the prime factors of 2908?
2, 727
What are the prime factors of 1164?
2, 3, 97
List the prime factors of 42813.
3, 67, 71
List the prime factors of 4984.
2, 7, 89
What are the prime factors of 11963?
7, 1709
What are the prime factors of 5766?
2, 3, 31
List the prime factors of 33697.
31, 1087
List the prime factors of 3953.
59, 67
What are the prime factors of 14953?
19, 787
List the prime factors of 7086.
2, 3, 1181
What are the prime factors of 46193?
7, 6599
What are the prime factors of 5333?
5333
List the prime factors of 8214.
2, 3, 37
List the prime factors of 2012.
2, 503
What are the prime factors of 300?
2, 3, 5
What are the prime factors of 16159?
11, 13, 113
List the prime factors of 58389.
3, 19463
List the prime factors of 112752.
2, 3, 29
List the prime factors of 30244.
2, 7561
What are the prime factors of 15254?
2, 29, 263
What are the prime factors of 59527?
13, 19, 241
List the prime factors of 5044.
2, 13, 97
What are the prime factors of 2036?
2, 509
List the prime factors of 8332.
2, 2083
List the prime factors of 1899.
3, 211
What are the prime factors of 19118?
2, 11, 79
List the prime factors of 295.
5, 59
What are the prime factors of 19647?
3, 37, 59
List the prime factors of 13630.
2, 5, 29, 47
List the prime factors of 467.
467
List the prime factors of 959.
7, 137
List the prime factors of 93111.
3, 41, 757
List the prime factors 